 = -11*q - 4. Let b(t) = 5*g(t) - 6*o(t). Suppose -4*s = c - 6, 2*c + 2 + 12 = 5*s. Give b(s).
8
Let w(o) be the second derivative of -5*o**3/6 - 3*o**2/2 + 2*o. Let c be 1*3 + (12/6 - 3). Suppose 0 = c*y - u, -u + 4 = -5*y + y. Calculate w(y).
7
Let g(c) = -c**2 + 7*c - 9. Let v be g(4). Suppose 0*t - i + 8 = 3*t, 3*i = -v*t. Let p(l) = -l - 4. Determine p(t).
-8
Suppose 3*m = -0*m. Let s(z) = 1 + 0 + 2*z + m + 2*z**3 + z**2. Determine s(-1).
-2
Suppose 5*u - 35 + 10 = 0. Let o(x) = -x**2 - 4*x + x - x + u. Let c be 7*-1 - (7 - 9). Calculate o(c).
0
Suppose 0 = -4*l + u + 8 + 3, -40 = -5*l - 4*u. Let g(t) = -7*t + 6. What is g(l)?
-22
Let x = -230 + 228. Let k(a) = -15*a - 2. Calculate k(x).
28
Let y(g) = 4*g - 55. Let u = -2429 + 2441. What is y(u)?
-7
Let w(j) = 42 - j**2 + 2*j**2 - 4*j - 2*j**2 - 38. Determine w(-7).
-17
Let v(d) = 2*d**2 - 4*d + 3. Let m(s) = -2*s - 12. Let y be m(-7). Suppose -3*i - y*b + 1 = -2, -9 = 3*b. Suppose -i*c + 8*c - 10 = 0. What is v(c)?
3
Let g(x) be the third derivative of -x**4/24 - 35*x**2. Let s(l) = -l**2 + 6*l - 6. Let u be s(5). Give g(u).
1
Let l(o) = 3*o + 2 - 25 - 17 + 54 - 6*o**2 - 18. Give l(1).
-7
Let v be (-3 - 1)*(266/8)/19. Let y(d) = d + 6. Calculate y(v).
-1
Let l(c) = -c**3 - 6*c**2 + 18*c + 21. Let k be l(-8). Let s(p) = -p + 1. Determine s(k).
-4
Let s(v) = v. Let q be s(2). Let r(m) = 0*m**q - m**2 + 7 - 5*m + 9*m. Determine r(6).
-5
Suppose 0 = 31*j - 5*j + 14*j. Let n(c) = 5*c - 9. Let m(r) = 4*r - 10. Let p(v) = -4*m(v) + 3*n(v). Give p(j).
13
Let j(v) = v - 2. Let x be j(5). Suppose 4*h = 3*f - 0 + 3, x = -2*h + 3*f. Let r(t) = t - 4. Let l(n) = -n + 3. Let a(s) = -4*l(s) - 3*r(s). Calculate a(h).
3
Let b be (-282)/(-54) - 4/18. Let u(r) = -142*r + 2 + 132*r - r**2 - 1. Let p(o) = -o**2 - 11*o + 1. Let z(x) = b*u(x) - 4*p(x). What is z(-7)?
-6
Let n(p) = 8*p - 21. Let l(h) = -2*h**3 + 14*h**2 + 15*h + 11. Let w be l(8). Give n(w).
3
Let g(y) = -y**2 - 3*y + 3. Let a be g(4). Let t be 115/a - (-2)/(-5). Let q(n) = n**3 + 6*n**2 + 2*n - 3. Determine q(t).
12
Suppose -3 = -3*z + 2*r, 24*z - 19*z = -5*r - 20. Let c(s) = 8*s**2 + 2*s + 1. What is c(z)?
7
Let a(v) = -3*v. Suppose -3 = l + 4*k, -13 + 45 = -5*l - 3*k. Let d be a(l). Let r = -22 + d. Let m(s) = -5*s. Calculate m(r).
5
Let t(l) = -2 - l**2 + 23*l - 6*l - 7*l. Calculate t(13).
-41
Let q = -47 - -47. Let c(b) = -2*b - 60*b**2 - b**3 + 56*b**2 + q*b**3. Give c(-4).
8
Suppose 3*v + 3 = -4*x - 13, -2*v - 3*x - 12 = 0. Let k(y) = 4*y**2 + 10. Let c(b) = 5*b**2 + 11. Let r(w) = -5*c(w) + 6*k(w). Give r(v).
5
Let x(f) be the first derivative of -9*f**2/2 - 6*f + 156. Determine x(-2).
12
Let k(x) = x**3 + x**2 - x. Let i(t) = 3*t**3 + 10*t**2 + 4*t - 9. Let u(v) = -i(v) + 4*k(v). Let l(y) = 4*y - 1. Let o be l(2). Give u(o).
2
Suppose -3*a + 7 + 21 = 2*u, -5*a + 40 = 2*u. Suppose -a*r + 2*r + 4 = 0. Let j(t) = 3*t + 1. Let i(x) = -x. Let p(v) = r*j(v) + 4*i(v). Calculate p(5).
-4
Let z(p) = p**3 - 3*p - 1. Let m(k) = -k**2 + 20*k + 41. Let v be m(16). Let h = v - 108. Determine z(h).
-19
Let n(j) be the first derivative of j**7/840 - j**6/180 + j**5/120 + j**4/24 - 47*j**3/3 + 9. Let b(s) be the third derivative of n(s). Give b(2).
3
Let o(v) = v**2 - 18*v - 41. Let b be (-7 + 23)*(-1 - (-45)/20). Give o(b).
-1
Let h(u) be the third derivative of u**6/120 + u**5/12 - u**4/4 - u**3/6 - 11*u**2 - 3*u. Give h(-6).
-1
Let n(x) = 1364*x - 682*x - 10 - 680*x - 10. Calculate n(8).
-4
Let w(v) = -v**3 - 18*v**2 + 38*v - 34. Suppose 5*x + 3*b = -46 - 42, b = -5*x - 96. Determine w(x).
6
Let o be 2/(-14) - 504/(-98). Let d(h) be the first derivative of -4 - 7*h + h**2 + 1/4*h**4 - 5/3*h**3. Calculate d(o).
3
Let g(z) = 9*z**3 + 14*z**2 - 11. Let m(r) = 6*r**3 + 9*r**2 - 7. Suppose -o + 2*l - 1 = 0, o = -l - 0 + 8. Let c(a) = o*g(a) - 8*m(a). Give c(-1).
2
Let u(w) = w - 5. Let d(n) = -n**2 - 5*n + 18. Let f be d(-7). Let a(p) = 6. Let m(r) = f*a(r) + 5*u(r). Give m(5).
24
Let k = 508 - 512. Let w(i) = -5*i + 4. What is w(k)?
24
Let v(w) = 5*w**3 - 9*w**2 + 8*w + 10. Let m(y) = -19 + 11*y**2 - 19*y**2 - 8*y - 9*y**3 - 7*y + 25*y**2. Let j(p) = -6*m(p) - 11*v(p). Calculate j(-3).
-2
Let a(i) = -27988 + 27975 - 10*i - 4*i - i**2. What is a(-12)?
11
Let k be (-27)/18*24/9 + -3. Let z(i) be the third derivative of -i**5/60 - i**4/4 + 2*i**3/3 - i**2. Calculate z(k).
-3
Let m(x) = -7*x + 166 + x - 172 - 5*x**2 + 4*x**2 + 2*x. Give m(-7).
-27
Let b(l) = l**3 - 7*l**2 - 2*l - 4. Let a(q) = 5*q + 147. Let u be a(-28). What is b(u)?
-18
Let o(m) = 4*m - 4. Let q = 102 + -97. Calculate o(q).
16
Let d(l) = -2*l**3 + 5*l**2 + 3*l + 9. Let t(k) = 5*k + 68. Let c be t(-13). Let s(x) = -x**3 + 3*x**2 + 2*x + 5. Let q(h) = c*d(h) - 5*s(h). Determine q(0).
2
Let h be (-11)/((-121)/165) - 8. Let z(r) = -3*r**3 + 6*r**2 + 8*r - 1. Let d(u) = u**3 - u + 1. Let q(i) = 2*d(i) + z(i). Calculate q(h).
-6
Let t(v) = v**2 - 10*v - 10. Suppose 0 = -3*a + 12, 0 = -263*m + 264*m - 5*a + 12. Calculate t(m).
-26
Let m(x) = -x**2 - 9*x + 17. Let i(v) = -2*v**2 - 18*v + 35. Let y(d) = -2*i(d) + 5*m(d). Give y(-11).
-7
Let j(m) = m. Let a(v) = 3*v**3 - 4*v**2 + v + 2. Let s(n) = a(n) - 3*j(n). Determine s(2).
6
Let z = 33 + -25. Suppose 4*x - 8 - z = 0. Let u(q) = -3*q + 2. Give u(x).
-10
Let r = 488 - 477. Let f(h) = 2*h - 16. Determine f(r).
6
Let t(v) = 13 + v - 6*v + 6*v. Suppose 3*l - l = p + 13, -2*l = 3*p + 15. Give t(p).
6
Let n(c) = c**3 - 7*c**2 + c + 1. Let g be n(7). Let i(w) = -g*w + 2*w**2 - 3*w**2 + 0*w**2 - 1 + 5. Calculate i(-6).
16
Let l(p) = p**2 - 11*p + 2. Let t = 1165 + -1154. Calculate l(t).
2
Let n(g) be the third derivative of g**6/120 + g**5/12 + g**4/8 + 16*g**2. Let s be n(-4). Let v(k) = 7 + 2*k - 3*k + 1. Give v(s).
4
Let x(r) = -12*r**3 - 4*r + 3*r**3 - 3588*r**2 + 2 + 3590*r**2. Determine x(1).
-9
Suppose 42*a - 81 = 51*a. Let n(j) = -8*j + 0*j**2 - 12 - j**2 + 0*j**2. Determine n(a).
-21
Let t = -27 - -29. Let d(o) = 2*o**t + 2 + 6*o - o - 3*o. Determine d(-2).
6
Let d be 16/(-6) - (-3)/63*-7. Let v(g) = -7*g + 3. Let m(l) = 20*l - 8. Let a(t) = 5*m(t) + 14*v(t). Give a(d).
-4
Let d(u) = -u**2 - u + 4. Let h be d(0). Let y(n) be the third derivative of n**5/60 - n**4/8 - 2*n**3/3 + n**2 + 38*n. Determine y(h).
0
Let s(o) = -o**3 - 15*o**2 - 16*o - 30. Let n be -14 + (-11 + 20 - 9). What is s(n)?
-2
Suppose 4*s = -2*d - 16, -3*d = -0*s + s + 4. Suppose 17 = 5*n + p, 2 = p - d*p. Let a(g) = 1 + 0 + 7*g + g**n - 7*g**2 + 1. Determine a(6).
8
Let i(d) = 6 + 14 - 9 - 6 + 8 + 5*d. What is i(-5)?
-12
Let g(k) = k**2 + 6*k + 7. Let j be ((-1886)/1311 + (-4)/(-38))*3. Calculate g(j).
-1
Let y = -295 + 295. Let x(n) = n**2 - 2*n - 5. Calculate x(y).
-5
Let w(c) = c**3 - c**2 + 11. Let y be (4/12)/((-2)/(-84)). Suppose 2*k + y + 30 = 0. Let j = 22 + k. Give w(j).
11
Let q(j) = 84*j**2 - 50*j**2 - 45*j**2 + j**3 - 14. Determine q(11).
-14
Let n(q) = 5 - 17 + 1 - q**2 - 1 - 4*q + 9. Let x = 0 + -4. Determine n(x).
-3
Let g(c) = -c**2 + 10. Let d(l) = -36*l**2 + l + 50. Let h(q) = -d(q) + 5*g(q). What is h(-1)?
32
Let y(d) = -4*d + 6. Suppose -o = 0, -4*o = -2*m - o + 46. Suppose -3*z - 5*n = -25, -2*z - 3 = 5*n - m. Calculate y(z).
-14
Let o = 48 - 43. Suppose o*f + 5 = 2*r, r = 6*r - 3*f + 16. Let j(w) = -w**3 - 6*w**2 - 5*w - 7. Give j(r).
-7
Suppose 5*d + 9 = -4*t, -6*d + 11*d = 5*t. Let x(c) = -c + 1. Let s(p) = -11*p**2 + 2*p - 4. Let k(j) = s(j) + 3*x(j). What is k(d)?
-11
Let p(c) = -c**2 - 7*c - 7. Let q be p(-5). Let o(l) = -q*l**3 - l - 8*l**2 + 4*l**2 + 3*l**2. Suppose 0 = 5*m + 7 - 2. Determine o(m).
3
Let c be (-22)/3 - (715/(-39) + 20). Let f(j) = -j**3 - 9*j**2 + 2*j + 10. Determine f(c).
-8
Let u(l) be the third derivative of -l**5/12 - l**4/24 + 24*l**2. Let r(v) = 9*v**2 + 2*v. Suppose -4*y = -3*y - 7. Let d(x) = y*u(x) + 4*r(x). Determine d(2).
6
Let t(v) = -3*v**2 + 3*v**2 - 7 + 2*v + 4*v - v**2. Let f(h) = 1. Let r(b) = -3*f(b) - t(b). Give r(3).
-5
Let x(s) be the second derivative of 0 - 5/2*s**2 - 1/20*s**5 - 6*s - 1/3*s**3 - 5/12*s**4. Suppose -3*u = -0*u + 15. Calculate x(u).
5
Let q(i) = -i**2 + 7*i + 2. Let b = -54 + 75. Let s = b + -20. Let u be s/(-6) + 344/48. Give q(u).
2
Let t = 3 + 1. Let c = 1 + t. Suppose 0 = -5*p - 0*p